(-44 - -47).
4
What is the value of -5 + 1 - (-8 - -3)?
1
What is the value of -3 - (5 - 8 - -3)?
-3
Calculate (5 + -7 + 1 - -5) + -1.
3
Evaluate 2 + 0 + -2 - (24 + -24).
0
Calculate 141 - 141 - (-1 + 6 + -2).
-3
-2 + -4 + (38 - 29)
3
Calculate -63 + 57 + 0 + 0.
-6
Evaluate 0 - (-2 - 6 - -11).
-3
What is 0 + -3 + 3 + (-2 - -1)?
-1
Calculate -11 - (-7 + 2) - 0.
-6
What is -3 - (-2 + -2 + 3 - -5)?
-7
1 + -3 + -9 - (59 - 64)
-6
What is -4 - 0 - (-1 - (-2 + 3))?
-2
Evaluate 5 + -2 + (-1 - -1).
3
(-6 + -1 - -4) + 3 - -5
5
Evaluate -1 + -2 + -2 + 8.
3
What is the value of 0 - -1 - (21 - 23) - -1?
4
What is the value of 1 - (-11 + 18 + -1 + -2)?
-3
Calculate 1 + -1 - (17 - 15).
-2
(-1 - -2 - -4) + (114 - 117)
2
What is (-1 - 0) + (-2 - -6) + 2?
5
Calculate 11 - 8 - (2 + -2).
3
Calculate 2 - -3 - (1 - 2).
6
What is the value of -1 - (-6 + 7 + -2)?
0
Calculate (20 - (6 + 14)) + 1 + -4.
-3
Evaluate 1 - (-2 + (2 - -1)).
0
-9 - -18 - 8 - 6
-5
Calculate -8 - (-2 + -11 - -4).
1
Calculate 0 + 2 + -1 - 8 - -2.
-5
What is 3 + -3 - (-3 - (2 - 1))?
4
5 + 7 + -8 - 2
2
Evaluate (-14 + 8 - 8) + 8.
-6
(-36 - -47) + 2 + -21
-8
What is the value of (6 - (5 + 0)) + 3?
4
(-1 - (-4 + 0)) + (35 - 36)
2
Calculate -2 + -1 + -15 + 27 + -15.
-6
What is the value of -1 + (3 - (7 - (-5 + 9)))?
-1
What is -7 - ((4 - 4) + -3) - 3?
-7
(-1 - -1) + 3 + -1 + -4
-2
What is the value of -3 + 6 + -3 + -3 - -3?
0
What is (-2 - (-6 - -2)) + (-83 - -88)?
7
Evaluate -2 + 10 + 4 + (-5 - 3).
4
What is -1 + (3 + -2 - 2)?
-2
What is 2 + -10 - (-20 + 12)?
0
What is 11 + -7 - 1 - (-1 - 2)?
6
What is 6 - 4 - (3 - -3)?
-4
What is (0 - -6) + 15 + -25?
-4
What is 10 - 13 - 6 - -6?
-3
(11 - (6 + -1)) + -4 - -5
7
Calculate (0 - -1) + 135 + -137.
-1
What is 99 + -99 + (-1 - -2)?
1
Calculate 2 + (2 - 1) - (1 + 1).
1
(-4 - -8) + -1 - 0
3
Evaluate (17 - 14) + (-12 - -2).
-7
What is (3 - 6 - (5 - 9)) + -6?
-5
Evaluate 16 - 12 - (1 - (4 + -2)).
5
What is 2 + (1 - 0) - 5?
-2
What is -1 + -1 + 7 + -4?
1
What is the value of (1 - -1) + (-10 - -8 - -2)?
2
What is -1 + 1 + 41 + -38 + 0?
3
What is 2 + (0 - (-1 + 3)) + 2?
2
Calculate (-5 + -3 - -4) + 0 - -2.
-2
What is the value of 2 + (-5 - -9) + -3?
3
Evaluate -32 + 41 - (7 - 1).
3
Calculate -2 + (2 - (-1 - 2)) + 1.
4
What is (0 - 1 - 2) + (-137 - -134)?
-6
Calculate 3 - 4 - -7 - 6.
0
What is 1 - (-8 - -6 - -1)?
2
-3 + -1 + (0 - -5)
1
Calculate -7 - 1 - (-57 - -53).
-4
Calculate 5 + -5 + 4 + -1 + -2.
1
Calculate 1 + -3 - 2 - -6.
2
(7 - -5 - 25) + 9
-4
0 + (-5 - -10) + -9
-4
2 + 0 + -8 - -2
-4
What is the value of (-13 - 0 - -8) + 4?
-1
What is (-1 - -2) + -4 + 1?
-2
Calculate 0 + (-5 - (4 + -5)) - -2.
-2
What is (5 + (5 - 7) - 5) + 1?
-1
Calculate (7 - 2) + (2 - -2) + -7.
2
What is the value of -2 + -3 + (9 - 2) + 2?
4
What is the value of -3 - -3 - (10 - 6)?
-4
(6 - (2 + (-1 - -4))) + 2
3
-21 + 12 - (-3 + -6 + 3)
-3
Evaluate -19 - (-20 + 12) - -4.
-7
What is the value of -3 - (5 - (4 - -7) - 1)?
4
Evaluate -2 - (-1 - (0 - 3 - -4)).
0
(-39 - -34) + -4 + 2 + 5
-2
What is the value of (5 - -7) + 2 + -13?
1
What is the value of (-1 - -4 - 0) + (3 - 4)?
2
(-5 + 9 - (-2 - 4)) + -3
7
-5 + 3 - (5 + -4 + -3)
0
What is the value of 1 + (3 - -2) + -5?
1
Evaluate -7 + (7 - -6) - -1.
7
What is (-1 - -4) + (-13 - -9)?
-1
What is the value of -9 - (5 + -6) - -5?
-3
What is the value of 12 - 5 - (-5 - -22)?
-10
What is -3 - (-2 - (-1 - 3))?
-5
What is the value of -6 + (8 - 3 - 2)?
-3
Calculate 9 + (4 - 10) + -7.
-4
Evaluate -4 + 5 + -3 + -2.
-4
Calculate -9 + 1 - (-3 - 8 - -5).
-2
What is the value of (-5 + 4 - -8) + -5 + 0?
2
(-3 - (-2 + -4)) + -2
1
Evaluate -12 - (6 + -3 - 12).
-3
(-7 - -2 - -3) + 0
-2
What is the value of (-1 - (-1 + 1)) + -75 + 71?
-5
What is 6 + -3 - 7 - (-2 + -3)?
1
Calculate -1 + 0 - (1 + -4) - 1.
1
-8 - (7 + -8 + -7)
0
What is -3 + 4 + 8 - (-1 - -6)?
4
What is the value of (8 - (14 + -4)) + -3?
-5
What is the value of (-3 + (-6 - -2) - -7) + 0?
0
Calculate -1 - (-1 + 3) - 3 - -3.
-3
-4 + (-1 - -3 - 1)
-3
Evaluate -14 - -7 - (-10 + 7).
-4
Evaluate 1 + (8 + -1 - 15).
-7
Evaluate -5 - 0 - (12 - 8).
-9
-9 - -8 - (0 - 5)
4
Evaluate 11 + -3 + -37 + 37.
8
What is 1 + 2 + -13 + 12 + -5?
-3
What is 2 + -4 + (0 - -1)?
-1
Calculate -2 + (5 - 8) + 7.
2
Evaluate 1 + -3 + 2 - -1.
1
What is the value of 2 + -1 + -3 - -6?
4
Calculate (2 - -1) + -14 + 13.
2
What is -10 - (5 + -13) - (-2 + -6)?
6
-2 - 2 - (3 + -6 + 4)
-5
3 + 0 + -3 + 0
0
What is (12 - (-7 + 11)) + -14?
-6
Evaluate (-7 - -2) + (3 - -1).
-1
Evaluate 3 + -9 + -5 + 7.
-4
-5 - ((15 - 19) + (-1 - -1))
-1
What is 4 - 7 - -2 - -5?
4
What is 3 - (-3 + 2 + 3)?
1
What is the value of 10 + -7 + -14 + -2 + 2?
-11
(1 - 8 - (11 - 14)) + 2
-2
What is -4 - (-3 + -5 + 5 - -1)?
-2
What is the value of (16 - 20) + 2 + 2 - -2?
2
What is -1 + (0 + 0 - 2)?
-3
Calculate (3 - 4) + (3 - (1 - -3)).
-2
Calculate 4 - (7 + 3 + -13).
7
Calculate (6 - (1 + 1)) + (4 - 4).
4
10 + -1 + 3 - (-17 + 21)
8
What is the value of 7 + -9 + 7 - (2 + -7)?
10
What is -2 + -1 + (6 - 7)?
-4
Evaluate (1 - (-3 - 0 - -5)) + -3.
-4
Calculate -10 - (-5 - (-3 + 3)).
-5
What is -6 - (0 + -1) - (4 - 5)?
-4
Evaluate 5 + (5 - (21 - 3)) + 5.
-3
Evaluate 6 - ((12 - 2) + (2 - 6)).
0
Calculate 1 + (-6 - (-4 - -1)).
-2
What is the value of (6 - 3) + (3 + -6 - 4)?
-4
What is (0 - 2 - 2) + (4 - 3)?
-3
What is -3 - (-3 + -8) - -1?
9
Evaluate (-4 - -7) + -2 + (2 - 6).
-3
Evaluate (-2 + -4 - -3) + 4.
1
Evaluate -5 - -1 - (2 + -4 - 3).
1
Calculate (-15 - -12) + 0 + 2 + -3.
-4
Calculate 24 + -21 + 1 + 0.
4
Calculate 0 - 0 - (97 + -104).
7
Evaluate -1 + -1 + (-4 - -4).
-2
Evaluate -5 + (5 - 4) - -5.
1
What is the value of 0 - -4 - 2 - (-7 - -7)?
2
What is the value of 0 + (-2 - (-4 - -6)) - -9?
5
Calculate (-1 - (-11 + 2)) + -16.
-8
(-13 - -3 - -11) + 5
6
Calculate 7 + (4 - (1 - -9)).
1
-4 + (-3 - (5 + -13 + 6))
-5
Evaluate (1 - -2) + -2 + -4 + 5.
2
-3 - (-9 - -6) - (-2 + -2)
4
What is the value of -2 + 4 + 2 + -5?
-1
Evaluate (-2 - 0) + 3 + -3.
-2
4 + -5 - (3 + 0) - -7
3
(27 - 28) + (4 - -4)
7
What is the value of 0 + -4 - (-3 + (-1 - 1))?
1
Calculate (9 - 13) + 3 + -1.
-2
What is -1 + 9 + -6 + -6?
-4
What is -7 - -1 - -4 - 4?
-6
Calculate 3 + (-4 - -2) + 4 + -6.
-1
-15 - (4 + -14 + 3)
-8
2 + (0 - 2 - (2 - 3))
1
(-2 - (7 + -9)) + -3 + 2
-1
Evaluate 2 + (-3 - 1) + 0.
-2
Calculate 3 - (-3 + (4 - 4 - -11)).
-5
Evaluate -4 - (2 + -1 + 1).
-6
1 - ((4 - -1) + -7)
3
What is the value of -1 - (-7 + 8 + -3 + -1)?
2
What is (-6 - -7) + -2 + 0 + 1?
0
6 + -6 + -3 - -8
5
Calculate 9 + -16 - (1 + -4 + 1).
-5
What is the value of 3 + 0 + 191 + -199?
-5
Calculate 4 - (7 - 0) - (-5 - -3).
-1
Calculate -10 + 8 + (-2 - -2).
-2
What is -9 + 1 + 3 + 0?
-5
What is the value of -7 + (5 - 2) + -2 + 2?
-4
Calculate 9 + -8 + (-1 + 3 - -2).
5
Calculate 0 + (1 + 1 + 2 - 3).
1
What is the value of 2 - 4 - (11 + -13 + 8)?
-8
Calculate -2 + (-3 - -4 - 4) + 1.
-4
Calculate -7 + 11 + -10 - (0 - 14).
8
Evaluate -1 - 1 - (-6 + -1) - 3.
2
-8 + 5 + 5 + (2 - 2)
2
Calculate -2 + 0 + (1 - 1) + 0.
-2
Calculate 1 - (-8 + 5) - 6.
-2
Evaluate (-17 - -15) + (-1 - -8).
5
What is -5 - -1 - (11 - 11)?
-4
Calculate -3 - -9 - (3 + 1).
2
What is 1 + -4 + 4 + 1?
2
Evaluate -1 - (4 + -1) - (1 - 6).
1
What is (-5 - 0) + -5 + 7?
-3
What is 3 - ((1 - 5) + -4 + 13)?
-2
What is the value of -3 + -2 + 1 + 1?
-3
Evaluate -13 - (-34 + (1 - -10)).
10
What is (-7 - 1 - 2 - -5) + 2?
-3
What is the value of (-89 - -96) + 1 + -3?
5
What is the value of 11 - (15 + (-1 - 9))?
6
What is the value of (-8 - -11 - -3 - -6) + -7?
5
-6 - -8 - 0 - 7
-5
What is the value of 6 - (14 + -10 - 3)?
5
What is the value of 12 - (17 + -4) - (0 + -1)?
0
Calculate (-3 - 18) + 8 - -20.
7
Evaluate -6 - (14 + -10) - -2.
-8
Evaluate (-5 + 10 - 11) + 0 + 4.
-2
What is 1 + (4 - (2 + (8 - 2)))?
-3
4 + -5 + -4 + -2 + 12
5
-6 - -3 - (0 + 2 + -8)
3
What is the value of 1 + -2 - (-24 - -20)?
3
What is the value of -1 - (3 - (4 + -1) - -3)?
-4
Evaluate 4 - (0 + 4) - 2.
-2
What is the value of (1 - 7) + 19 + -1 + -16?
-4
Calculate (3 - 5) + 5 - -1 - 9.
-5
What is the value of 10 + 1 + -3 - (2 - -2)?
4
What is 6 - (-9 + 14 - 1)?
2
What is 2 + -4 + (-4 - -4) + 2?
0
Evaluate 2 - ((-13 - -7) + 3).
5
-3 + (3 + -1 - -1)
0
Evaluate 4 + -2 + (1 - -1).
4
What is the value 